- 3 + 2. Suppose -11*w - 6 = -10*w. Calculate h(w).
-7
Let b(n) = -n + 2. Let w be b(-5). Let t = w - 1. Let f(r) = -r + 2. Give f(t).
-4
Suppose -5*b - 32 = -3*b. Let v(k) = -k**2 - 5*k + 5. Let t(x) = 4*x**2 + 16*x - 16. Let w(l) = b*v(l) - 5*t(l). Determine w(1).
-4
Let r(j) = j**2 - 6*j - 3. Suppose 2*l - d + 0*d = 13, 5*d - 25 = -5*l. Give r(l).
-3
Suppose 4*z - 3 = 5. Let v(l) = -3*l**2 + 4*l**2 - 2*l**3 - l**3 + 0*l**z. What is v(-1)?
4
Suppose 0 = 2*n - 94 + 6. Suppose -3*s = -15, 0 = 4*o - s - n - 43. Let g(d) = 2*d + d**3 + 2 + o*d**2 - 25*d**2 - 2*d**3. Calculate g(-2).
-2
Let h = 4 + 0. Let y(v) = -v - 6 + v**3 - 6*v + h*v**2 + 2*v. Let i = 0 - 5. Calculate y(i).
-6
Let c(z) be the first derivative of -z**4/4 + z**3/3 + 5*z**2/2 - 4*z - 11. Determine c(3).
-7
Suppose -3*f + 2*c = -17, -4 = -0*c + c. Let s(x) = 1 - f*x + 2*x**2 - x**2 - 6. Let d(n) = 2*n**3 - 4*n**2 + 3*n - 2. Let j be d(2). What is s(j)?
-1
Suppose 3 = 5*o - 4*o. Suppose -3*p = -3*s - 15, -4*p + 22 - 2 = -2*s. Suppose o = -s*i - i. Let w(b) = -b - 2. What is w(i)?
1
Let c(w) = w**2 - 7*w - 5. Suppose 0*h + 4*h = 52. Let u = h + -7. Determine c(u).
-11
Let a(m) = -76 + 76 - 2*m**2 - 2*m. What is a(-2)?
-4
Let f(v) = -2 - 3*v + 0*v - 2*v + 6*v. Suppose -3*m + 24 = m. What is f(m)?
4
Suppose 4*n + 11 - 15 = 0. Let l(q) = -8*q**3 - 3*q**2 - q - 1. Let b(d) be the second derivative of -d**4/12 - d**3/6 - d. Let w(t) = 3*b(t) - l(t). Give w(n).
7
Let x = 9 - 11. Let c be 2 + (-3)/(-3) + x. Let w be (c - 0 - 1)/(-1). Let i(l) = l**2 + l + 4. Give i(w).
4
Let l(z) = -4*z + 5*z + 4 + 7. Let h be l(-13). Let i(j) = 5*j + 3. Determine i(h).
-7
Let u(y) = -34*y + 1 - y**2 + 56*y - 23*y. Calculate u(2).
-5
Let f(w) = -w**2 - 8*w - 4. Let o be f(-7). Suppose o*a = -a + 2*j, 4*a = j + 4. Let g(s) = -6*s + 2*s**2 - s**3 - 1 + 0 + 5*s. Determine g(a).
-3
Let f be (16/12)/(((-15)/9)/(-5)). Let v(o) = -o**2 + 4*o + 3. What is v(f)?
3
Let f = -8 + 14. Let k(v) = -9*v - 11. Let r(d) = -4*d - 5. Let x(t) = f*k(t) - 14*r(t). Determine x(-5).
-6
Let m(h) = -8*h**2 - 9*h**2 + 18*h**2 + 4*h - 7. Determine m(-6).
5
Let l(w) = 32*w + w**2 + 4 - 27*w - 1. Let q(t) = -t**3 - 4*t**2 + 5*t - 2. Let c be q(-5). What is l(c)?
-3
Let j(i) = i**2 + 6*i + 2. Let h = 11 - 16. Give j(h).
-3
Let u(l) = l**2 - 7*l + 4. Suppose 0*x + 4*x - 3*g = 11, -3*g + 29 = 4*x. Let p = 10 - x. Give u(p).
-6
Suppose -7*x - 10 = -2*x. Let w(t) be the first derivative of 3 - 5 + t**2 - 1 + t. Determine w(x).
-3
Let u(i) = -3*i**2 + 1 + i**3 + 4*i**2 - i + 2. Let c = -1 - -1. Calculate u(c).
3
Let i(l) be the second derivative of l**3/6 - 7*l**2/2 - 4*l. Determine i(-5).
-12
Suppose w = -4*r - 1 - 5, -w + 4 = -r. Let i(x) = -2*x**2 - 2*x + 2. Give i(r).
-2
Let l be (((-6)/4)/(-3))/(7/42). Let z(y) = y**3 - 4*y**2 + 3*y - 3. What is z(l)?
-3
Let y = -9 - -13. Let h(t) = -3. Let p(u) = -5. Let l(j) = 8*h(j) - 5*p(j). Let q(o) = -o + 7. Let i(z) = -2*l(z) + q(z). Calculate i(y).
1
Let b(t) = 1. Let a(c) be the second derivative of c**3/6 - c. Let w(n) = a(n) - 5*b(n). Determine w(6).
1
Let y = -9 - -4. Let u(a) = 3*a - 5*a - 1 + 3*a + 4. What is u(y)?
-2
Let x(h) be the first derivative of -h**5/120 + 5*h**4/24 - 4*h**3/3 - 2. Let b(q) be the third derivative of x(q). What is b(0)?
5
Let h(p) = 26*p**3 + 8*p**2 - 8*p. Let w(o) = -2*o**2 - o**2 + 0*o**2 + 0*o**2 - 9*o**3 + 3*o. Let a(v) = -4*h(v) - 11*w(v). Let l be (1 + -2)/1 + 2. Give a(l).
-5
Let q(b) = -b**3 - b**2 + b - 10. Suppose -t + 12 = 3*h + 3, h - 3 = -4*t. Determine q(t).
-10
Let m = 0 + 0. Let p(h) = h**3 + 5*h**2 + h + 12. Let j be p(-5). Let c(f) = f**2 + f**3 - j + 7*f - 7*f**2 + m. Determine c(5).
3
Let b be (6/(-4))/(6/8). Let u(a) = -a - 9. Let q be u(-5). Let f(r) = r + 2. Let n(z) = 1. Let d(k) = q*f(k) + 6*n(k). What is d(b)?
6
Let l(a) be the second derivative of a**4/6 + 2*a**3/3 + 3*a**2/2 - 25*a. What is l(-3)?
9
Let o = -23 - -23. Let p(t) = t**3 + t - 8. What is p(o)?
-8
Let t be (-16)/(-2)*2/(-4). Let h(w) be the first derivative of -1/2*w**2 - 1 - 4*w. Give h(t).
0
Let b(d) be the third derivative of d**6/120 - 3*d**5/20 + d**4/3 - d**3/3 - 7*d**2. Give b(8).
-2
Let x be 4 - (5 - 3 - -10). Let l(i) = -i - 10. Let s be l(x). Let r(k) = -k. Calculate r(s).
2
Let f(y) = y + 1. Let i be f(3). Let t be (i/(-2))/((-14)/21). Suppose -t*b = b + 8. Let s(v) = v**2 - 2*v - 3. Determine s(b).
5
Let r(x) = -2*x**2 + x + 1. Let d be r(-1). Let z be (-43)/(-3) + d/6. Suppose -2*y + 18 = -g - 4*g, -z = 4*g - 2*y. Let w(s) = s + 4. Calculate w(g).
0
Let j be -3*(-3)/(-18)*2. Let i be (j + 0)/(7/14). Let d(f) = f**2 + 2*f + 3. Give d(i).
3
Let a(l) = -l**3 - 2*l**2 + 5*l + 3. Suppose -n + 5*n + 20 = 0. Suppose 2*k + 5*s + 12 = -2*k, -14 = -3*k + 2*s. Let g = n + k. Give a(g).
-3
Let b(m) = 3*m + 6. Let g be 35/10 + (-1)/(-2). Suppose 0 = -g*c + 3*u - 1 - 7, -3*c - u = 19. Determine b(c).
-9
Let y(u) be the third derivative of -u**5/30 - u**4/8 - u**3/2 + 41*u**2. Calculate y(-2).
-5
Let z(t) = -t**2 - 3*t - 1. Let c(u) = u**2 - 15*u + 12. Let a be c(14). Give z(a).
1
Let q be 3 + (-4 - -9 - 3). Let z(t) be the third derivative of -t**6/120 + t**5/10 - t**4/12 - t**3/2 + 2*t**2. Give z(q).
12
Suppose -5*j = 56 - 41. Let u(o) = -o - 2. What is u(j)?
1
Let x(q) be the second derivative of -q**5/20 + q**4/2 - 2*q**3/3 - 3*q**2/2 - 4*q. Determine x(4).
13
Let i(l) = -l**3 + 6*l**2 - 5*l + 4. Let t be 2 - (-2 - 3/3). What is i(t)?
4
Let z(i) be the third derivative of i**5/60 - i**4/3 - 5*i**3/3 + 34*i**2. Calculate z(9).
-1
Let f(g) = 1 + 4 + 3*g + 1. Determine f(-6).
-12
Let u(z) = -z**3 - 1. Let a(f) = -2*f**3 - 9*f**2 + f - 1. Let x(c) = -a(c) + 3*u(c). Calculate x(9).
-11
Let r(u) = -18*u + 2*u**2 - 2 + 19*u - u**2 - 2*u**2. Suppose -3*n + 6*n = 6. Calculate r(n).
-4
Let q(i) be the first derivative of -i - 1/3*i**3 - 1 - i**2. Let f(p) = p**2 + 12*p - 2. Let d be f(-12). What is q(d)?
-1
Let f(a) = a**3 - 6*a**2 + 7*a + 2 - 1 + a - 5*a. Give f(5).
-9
Let q(t) = -t**2 - 9*t - 4. Let l = -18 + 10. Determine q(l).
4
Let u = -6 - -9. Suppose -3*l = -u*w - 12, 4*l - 5*w = 22 - 5. Let k(d) = 1 - 2*d**3 - 4*d**l - d**2 + 0. What is k(1)?
-6
Let m be (-260)/30 - -10 - (0 - -1). Let z(y) be the third derivative of 0*y - y**2 - 1/12*y**4 - 1/20*y**5 + 0 - m*y**3. Give z(-2).
-10
Suppose 2*h + 8 = p, 0 = -4*p - 2*h + 5*h + 17. Suppose b = 2*f - 1, -5*f + 15 = 3*b - p*f. Let y = -2 + b. Let t(q) = 3*q + 1. What is t(y)?
4
Let u(y) be the second derivative of -y**4/12 + 2*y**3/3 + y**2 + y. Suppose 5 = 6*t - 19. Let z(j) = -j**2 + 7*j - 8. Let l be z(t). Calculate u(l).
2
Let d(g) = -2*g**3 - 3*g**2 - 5*g - 3. Let q(w) = w**3 - w**2 + w - 1. Let c(n) = d(n) + q(n). Suppose -3*a + 1 = -5*t - 0, 4*t - 4 = 4*a. What is c(a)?
-1
Let s(j) = -9*j + 7. Let m = -1 + 1. Let a(n) = -8 + 2 + 8*n + m. Let q(k) = -6*a(k) - 5*s(k). Determine q(1).
-2
Let x(b) be the second derivative of b**4/12 + b**3/2 - 3*b**2/2 - 7*b. Let a be x(-5). Let v(u) = -u + 10. Determine v(a).
3
Let r(j) = -j**2 - 3*j - 3. Let a be r(-2). Let u = 3 + a. Let s(v) = u*v - 2 + 1 + 1. Give s(4).
8
Let d(q) = 4*q**2. Let v(x) = -5*x**2 + 2*x. Let b(n) = 6*n**2 - 3*n. Let z(t) = 2*b(t) + 3*v(t). Let s(m) = -3*d(m) - 5*z(m). Give s(-1).
3
Let f(b) = b**2 - 5*b + 2. Let q be f(5). Let k(r) = 1 - 2*r**q + 4 - 3. What is k(2)?
-6
Let f = 13 + -10. Suppose 4*y - 18 = -f*p, -3*y + 4*p = -19 - 7. Let i be (-1 + 0)/(y/(-30)). Let u(r) = r**3 - 4*r**2 - 6*r + 7. Give u(i).
2
Let r be (-3 - 1/1)/(-2). Let i(c) = -8 - 8 + 2*c + c**3 - 6*c**r + 22. What is i(6)?
18
Let q(n) = -4*n**2 + 5*n**3 + 1067*n - 1067*n + 3*n**2. Give q(1).
4
Let g(v) = v. Let s(l) = -10*l + 2. Let x(o) = -6*g(o) - s(o). Let j be (24/64)/((-2)/(-16)). Calculate x(j).
10
Let i(h) = 3*h + 8. Suppose -9*y = 30 + 24. Give i(y).
-10
Let k(c) = 3*c + 3*c + 3*c - 2 - 2*c. Determine k(2).
12
Let z(c) = -c**2 + 5*c + 7. Let f(x) = x**3 + 4*x**2 + 2*x + 2. Let k be f(-2). Give z(k).
1
Let j(s) = s**3 - 11*s**2 + 10*s + 3. Let p be j(10). Let y(x) = x**3 - 4*x**2 + 2*x - 1. What is y(p)?
-4
Suppose 0 = -4*p + 9 - 21. Let g(w) = -w**2 - 6*w + 1. Determine g(p).
10
Let b(y) = y**3 + y**2 - y. Let k(o) = -5*o**3 - 14*o**2 + 14*o - 9. Let i(d) = 6*b(d) + k(d). Det